{"id":582,"date":"2024-11-06T14:18:37","date_gmt":"2024-11-06T19:18:37","guid":{"rendered":"https:\/\/alcaldiasanmiguelito.gob.pa\/?page_id=582"},"modified":"2025-02-14T14:38:35","modified_gmt":"2025-02-14T19:38:35","slug":"alcaldia","status":"publish","type":"page","link":"https:\/\/alcaldiasanmiguelito.gob.pa\/?page_id=582","title":{"rendered":"Alcald\u00eda"},"content":{"rendered":"\n<div class=\"wp-block-cover alignfull gutenify-section-1a1d4540-9c74-11ef-a787-cb58872f39d6\" style=\"margin-top:0;margin-bottom:0;min-height:246px;aspect-ratio:unset;\"><span aria-hidden=\"true\" class=\"wp-block-cover__background has-background-dim-80 has-background-dim\" style=\"background-color:#002f6c\"><\/span><video class=\"wp-block-cover__video-background intrinsic-ignore\" autoplay muted loop playsinline src=\"https:\/\/alcaldiasanmiguelito.gob.pa\/wp-content\/uploads\/2025\/02\/Toma-Done-SM-Low.mp4\" data-object-fit=\"cover\"><\/video><div class=\"wp-block-cover__inner-container is-layout-constrained wp-container-core-cover-is-layout-1c94c626 wp-block-cover-is-layout-constrained\">\n<div class=\"wp-block-columns are-vertically-aligned-center is-layout-flex wp-container-core-columns-is-layout-28f84493 wp-block-columns-is-layout-flex\">\n<div class=\"wp-block-column is-vertically-aligned-center is-layout-flow wp-block-column-is-layout-flow\"><\/div>\n\n\n\n<div class=\"wp-block-column is-vertically-aligned-center is-layout-flow wp-block-column-is-layout-flow\"><\/div>\n\n\n\n<div class=\"wp-block-column is-vertically-aligned-center is-layout-flow wp-block-column-is-layout-flow\"><\/div>\n<\/div>\n\n\n\n<div class=\"wp-block-buttons gutenify-section-19f571f0-9c74-11ef-a787-cb58872f39d6 is-content-justification-center is-layout-flex wp-container-core-buttons-is-layout-a89b3969 wp-block-buttons-is-layout-flex\"><\/div>\n<\/div><\/div>\n\n\n\n<p class=\"gutenify-section-41f724f0-9c74-11ef-9496-adfea6e4c39d\"><\/p>\n\n\n\n<p><\/p>\n\n\n\n<p class=\"gutenify-section-0dbadbd0-a829-11ef-bcf4-2511e6f38ac6\"><\/p>\n\n\n\n<div class=\"wp-block-columns is-layout-flex wp-container-core-columns-is-layout-28f84493 wp-block-columns-is-layout-flex\">\n<div class=\"wp-block-column is-layout-flow wp-block-column-is-layout-flow\">\n<h3 class=\"wp-block-heading has-text-color has-link-color wp-elements-6eea933ae8ab1f5c307e9e2ac3e2a4ff\" style=\"color:#002f6c;font-style:normal;font-weight:300\"><strong>La Nueva Estructura Administrativa de la Alcald\u00eda de San Miguelito: Un Compromiso con la Transformaci\u00f3n y el Bienestar Com\u00fan&nbsp;<\/strong><\/h3>\n\n\n\n<p>En un esfuerzo por mejorar la eficiencia, transparencia y calidad de los servicios que ofrece la Alcald\u00eda de San Miguelito, se ha formalizado la creaci\u00f3n de <strong>seis nuevos Equipos<\/strong> especializados, cada uno con un enfoque \u00fanico y orientado a transformar la ciudad y mejorar la vida de sus habitantes. Cada equipo tendr\u00e1 a su cargo programas espec\u00edficos, con la misi\u00f3n de implementar acciones concretas que impacten positivamente en el bienestar colectivo y en el desarrollo sostenible del municipio.<\/p>\n<\/div>\n<\/div>\n\n\n\n<h5 class=\"wp-block-heading has-text-color has-link-color wp-elements-2dad7b3e6a01a7146d37fd08a945e092\" style=\"color:#002f6c\"><strong>A continuaci\u00f3n, te presentamos los detalles de cada equipo propuesto y los programas de transformaci\u00f3n que liderar\u00e1n durante 2025.<\/strong>&nbsp;<\/h5>\n\n\n\n<div class=\"wp-block-columns is-layout-flex wp-container-core-columns-is-layout-28f84493 wp-block-columns-is-layout-flex\">\n<div class=\"wp-block-column is-layout-flow wp-block-column-is-layout-flow\" style=\"border-width:1px;border-radius:10px;padding-right:var(--wp--preset--spacing--50);padding-left:var(--wp--preset--spacing--50)\">\n<div class=\"wp-block-gutenify-icon flex-col-item is-content-justification-center\"><div class=\"gutenify-icon-wrapper\"><img decoding=\"async\" class=\"\" src=\"https:\/\/alcaldiasanmiguelito.gob.pa\/wp-content\/uploads\/2024\/11\/hombre-avatar-150x150.png\" alt=\"\"\/><\/div><\/div>\n\n\n\n<h4 class=\"wp-block-heading has-text-align-center has-text-color has-link-color wp-elements-c19efc7ce48e0568c8c0bf21f999ec15\" style=\"color:#002f6c\"><strong>1. Equipo de Recaudaci\u00f3n: M\u00e1s Ingresos, M\u00e1s Mercado, M\u00e1s Bienestar Animal<\/strong><\/h4>\n\n\n\n<p class=\"has-text-align-center has-palette-color-5-background-color has-background\" style=\"border-radius:15px;margin-top:var(--wp--preset--spacing--30);margin-right:0;margin-bottom:var(--wp--preset--spacing--30);margin-left:0;padding-top:var(--wp--preset--spacing--30);padding-bottom:var(--wp--preset--spacing--30);line-height:1\">Tesorer\u00eda Municipal, Servicios Municipales, Asesor\u00eda Legal y Justicia.<\/p>\n\n\n\n<p>El <strong>Equipo de Recaudaci\u00f3n<\/strong> tiene la misi\u00f3n de maximizar los ingresos del municipio, al mismo tiempo que fomenta el bienestar animal. Este equipo es clave para generar recursos que permitan financiar y fortalecer los proyectos e iniciativas de la Alcald\u00eda.&nbsp;<\/p>\n\n\n\n<p style=\"margin-top:0;margin-bottom:0\"><strong>Programas de transformaci\u00f3n para 2025:<\/strong>&nbsp;<\/p>\n\n\n\n<ul class=\"wp-block-list\">\n<li><strong>Estrategias de recaudaci\u00f3n m\u00e1s efectivas<\/strong>, enfocadas en aumentar la captaci\u00f3n de impuestos, tasas y otros recursos.&nbsp;<\/li>\n\n\n\n<li><strong>Bienestar animal<\/strong>: Implementaci\u00f3n de programas de adopci\u00f3n, control de fauna callejera y protecci\u00f3n animal.&nbsp;<\/li>\n<\/ul>\n<\/div>\n\n\n\n<div class=\"wp-block-column is-layout-flow wp-block-column-is-layout-flow\" style=\"border-width:1px;border-radius:10px;padding-right:var(--wp--preset--spacing--50);padding-left:var(--wp--preset--spacing--50)\">\n<div class=\"wp-block-gutenify-icon flex-col-item is-content-justification-center\"><div class=\"gutenify-icon-wrapper\"><img decoding=\"async\" class=\"\" src=\"https:\/\/alcaldiasanmiguelito.gob.pa\/wp-content\/uploads\/2024\/11\/hombre-avatar-150x150.png\" alt=\"\"\/><\/div><\/div>\n\n\n\n<h4 class=\"wp-block-heading has-text-align-center has-text-color has-link-color wp-elements-f69cff05d3245cfde37162e8cf29d8e7\" style=\"color:#002f6c\"><strong>2. Equipo de Territorio: M\u00e1s Orden, M\u00e1s Parques<\/strong><\/h4>\n\n\n\n<p class=\"has-text-align-center has-palette-color-5-background-color has-background\" style=\"border-radius:15px;margin-top:var(--wp--preset--spacing--30);margin-right:0;margin-bottom:var(--wp--preset--spacing--30);margin-left:0;padding-top:var(--wp--preset--spacing--30);padding-bottom:var(--wp--preset--spacing--30);line-height:1\">Ingenier\u00eda Municipal, Planificaci\u00f3n Urbana, Control Interno.<\/p>\n\n\n\n<p>El <strong>Equipo de Territorio<\/strong> tiene como misi\u00f3n transformar y organizar el espacio p\u00fablico de San Miguelito, con especial \u00e9nfasis en la creaci\u00f3n y mejora de los parques y \u00e1reas recreativas.&nbsp;<\/p>\n\n\n\n<p style=\"margin-top:0;margin-bottom:0\"><strong>Programas de transformaci\u00f3n para 2025:<\/strong>&nbsp;<\/p>\n\n\n\n<ul class=\"wp-block-list\">\n<li><strong>Acelerar la Inversi\u00f3n<\/strong>, un programa dirigido por <strong>Maricarmen V\u00e1squez<\/strong>, enfocado en mejorar la infraestructura de parques, plazas y otras \u00e1reas urbanas, promoviendo el orden y la sostenibilidad.&nbsp;<\/li>\n\n\n\n<li><strong>Creaci\u00f3n de nuevos parques y \u00e1reas verdes<\/strong>, buscando ofrecer a la comunidad m\u00e1s espacios de recreaci\u00f3n y esparcimiento.&nbsp;<\/li>\n<\/ul>\n<\/div>\n<\/div>\n\n\n\n<div class=\"wp-block-columns is-layout-flex wp-container-core-columns-is-layout-28f84493 wp-block-columns-is-layout-flex\">\n<div class=\"wp-block-column is-layout-flow wp-block-column-is-layout-flow\" style=\"border-width:1px;border-radius:10px;padding-right:var(--wp--preset--spacing--50);padding-left:var(--wp--preset--spacing--50)\">\n<div class=\"wp-block-gutenify-icon flex-col-item is-content-justification-center\"><div class=\"gutenify-icon-wrapper\"><img decoding=\"async\" class=\"\" src=\"https:\/\/alcaldiasanmiguelito.gob.pa\/wp-content\/uploads\/2024\/11\/hombre-avatar-150x150.png\" alt=\"\"\/><\/div><\/div>\n\n\n\n<h4 class=\"wp-block-heading has-text-align-center has-text-color has-link-color wp-elements-491fb35442f2233ca4d8dd1527d9c9d6\" style=\"color:#002f6c\"><strong><strong>3. Equipo de Respuesta: Atendiendo a Nuestros Vecinos<\/strong><\/strong><\/h4>\n\n\n\n<p class=\"has-text-align-center has-palette-color-5-background-color has-background\" style=\"border-radius:15px;margin-top:var(--wp--preset--spacing--30);margin-right:0;margin-bottom:var(--wp--preset--spacing--30);margin-left:0;padding-top:var(--wp--preset--spacing--30);padding-bottom:var(--wp--preset--spacing--30);line-height:1\">Secretar\u00eda General, Seguridad Municipal, Cuidado Social, Gesti\u00f3n Ambiental.<\/p>\n\n\n\n<p>El <strong>Equipo de Respuesta<\/strong> tiene la misi\u00f3n de ser la primera l\u00ednea de atenci\u00f3n a los ciudadanos, garantizando que las necesidades de la comunidad sean atendidas con rapidez y eficacia. Este equipo es crucial para fortalecer la calidad de vida de los residentes de San Miguelito.&nbsp;<\/p>\n\n\n\n<p style=\"margin-top:0;margin-bottom:0\"><strong>Programas de transformaci\u00f3n para 2025:<\/strong>&nbsp;<\/p>\n\n\n\n<ul class=\"wp-block-list\">\n<li><strong>Articulaci\u00f3n de Respuestas<\/strong>, un programa liderado por <strong>Gabriela Cogley<\/strong>, que buscar\u00e1 optimizar la respuesta de la Alcald\u00eda ante las solicitudes y problemas comunes de la ciudadan\u00eda.&nbsp;<\/li>\n\n\n\n<li>Mejora de los canales de atenci\u00f3n y gesti\u00f3n para asegurar una atenci\u00f3n eficiente y oportuna.&nbsp;<\/li>\n<\/ul>\n<\/div>\n\n\n\n<div class=\"wp-block-column is-layout-flow wp-block-column-is-layout-flow\" style=\"border-width:1px;border-radius:10px;padding-right:var(--wp--preset--spacing--50);padding-left:var(--wp--preset--spacing--50)\">\n<div class=\"wp-block-gutenify-icon flex-col-item is-content-justification-center\"><div class=\"gutenify-icon-wrapper\"><img decoding=\"async\" class=\"\" src=\"https:\/\/alcaldiasanmiguelito.gob.pa\/wp-content\/uploads\/2024\/11\/hombre-avatar-150x150.png\" alt=\"\"\/><\/div><\/div>\n\n\n\n<h4 class=\"wp-block-heading has-text-align-center has-text-color has-link-color wp-elements-f0845c2a28781be71621056f877c4679\" style=\"color:#002f6c\"><strong>4. Equipo de Organizaci\u00f3n: Garantizando un Funcionamiento Sostenible<\/strong><\/h4>\n\n\n\n<p class=\"has-text-align-center has-palette-color-5-background-color has-background\" style=\"border-radius:15px;margin-top:var(--wp--preset--spacing--30);margin-right:0;margin-bottom:var(--wp--preset--spacing--30);margin-left:0;padding-top:var(--wp--preset--spacing--30);padding-bottom:var(--wp--preset--spacing--30);line-height:1\">Presupuesto y Metas, Administraci\u00f3n Municipal, Gesti\u00f3n de Talento, Tecnolog\u00eda y Ciberseguridad.<\/p>\n\n\n\n<p>El <strong>Equipo de Organizaci\u00f3n<\/strong> es el encargado de asegurar que la Alcald\u00eda opere de manera eficiente y sostenible, administrando de forma \u00f3ptima los recursos humanos, financieros y materiales del municipio.&nbsp;<\/p>\n\n\n\n<p style=\"margin-top:0;margin-bottom:0\"><strong>Programas de transformaci\u00f3n para 2025:<\/strong>&nbsp;<\/p>\n\n\n\n<ul class=\"wp-block-list\">\n<li><strong>Optimizaci\u00f3n de los procesos internos<\/strong>, garantizando una gesti\u00f3n p\u00fablica m\u00e1s \u00e1gil y eficiente.&nbsp;<\/li>\n\n\n\n<li><strong>Desarrollo de un sistema de administraci\u00f3n de recursos<\/strong> que asegure el correcto uso de los fondos y el personal de la Alcald\u00eda.&nbsp;<\/li>\n<\/ul>\n<\/div>\n<\/div>\n\n\n\n<div class=\"wp-block-columns is-layout-flex wp-container-core-columns-is-layout-28f84493 wp-block-columns-is-layout-flex\">\n<div class=\"wp-block-column is-layout-flow wp-block-column-is-layout-flow\" style=\"border-width:1px;border-radius:10px;padding-right:var(--wp--preset--spacing--50);padding-left:var(--wp--preset--spacing--50)\">\n<div class=\"wp-block-gutenify-icon flex-col-item is-content-justification-center\"><div class=\"gutenify-icon-wrapper\"><img decoding=\"async\" class=\"\" src=\"https:\/\/alcaldiasanmiguelito.gob.pa\/wp-content\/uploads\/2024\/11\/hombre-avatar-150x150.png\" alt=\"\"\/><\/div><\/div>\n\n\n\n<h4 class=\"wp-block-heading has-text-align-center has-text-color has-link-color wp-elements-6b448be33d179fdffaa2d459ae3e8bb5\" style=\"color:#002f6c\"><strong><strong><strong>5. Equipo de Gobierno: Reconstruyendo la Institucionalidad<\/strong><\/strong><\/strong><\/h4>\n\n\n\n<p class=\"has-text-align-center has-palette-color-5-background-color has-background\" style=\"border-radius:15px;margin-top:var(--wp--preset--spacing--30);margin-right:0;margin-bottom:var(--wp--preset--spacing--30);margin-left:0;padding-top:var(--wp--preset--spacing--30);padding-bottom:var(--wp--preset--spacing--30);line-height:1\">Asesor\u00eda Legal y Justicia, Control Interno, Comunicaci\u00f3n y Transparencia, Despacho Superior.<\/p>\n\n\n\n<p>El <strong>Equipo de Gobierno<\/strong> tendr\u00e1 como misi\u00f3n la reconstrucci\u00f3n de la institucionalidad dentro del municipio, fortaleciendo la estructura administrativa y promoviendo la participaci\u00f3n ciudadana.&nbsp;<\/p>\n\n\n\n<p style=\"margin-top:0;margin-bottom:0\"><strong>Programas de transformaci\u00f3n para 2025:<\/strong>&nbsp;<\/p>\n\n\n\n<ul class=\"wp-block-list\">\n<li><strong>Reconstrucci\u00f3n de la institucionalidad municipal<\/strong>, asegurando que los procesos administrativos sean transparentes y eficaces.&nbsp;<\/li>\n\n\n\n<li><strong>Fortalecimiento de la democracia local<\/strong>, con espacios de participaci\u00f3n activa para los vecinos en la toma de decisiones y en la gesti\u00f3n de proyectos comunitarios.&nbsp;<\/li>\n<\/ul>\n<\/div>\n\n\n\n<div class=\"wp-block-column is-layout-flow wp-block-column-is-layout-flow\" style=\"border-width:1px;border-radius:10px;padding-right:var(--wp--preset--spacing--50);padding-left:var(--wp--preset--spacing--50)\">\n<div class=\"wp-block-gutenify-icon flex-col-item is-content-justification-center\"><div class=\"gutenify-icon-wrapper\"><img decoding=\"async\" class=\"\" src=\"https:\/\/alcaldiasanmiguelito.gob.pa\/wp-content\/uploads\/2024\/11\/hombre-avatar-150x150.png\" alt=\"\"\/><\/div><\/div>\n\n\n\n<h4 class=\"wp-block-heading has-text-align-center has-text-color has-link-color wp-elements-13c9bc6a9ae981016b76f6c716b81daa\" style=\"color:#002f6c\"><strong><strong>6. Equipo de Felicidad: Organizando la Comunidad<\/strong><\/strong><\/h4>\n\n\n\n<p class=\"has-text-align-center has-palette-color-5-background-color has-background\" style=\"border-radius:15px;margin-top:var(--wp--preset--spacing--30);margin-right:0;margin-bottom:var(--wp--preset--spacing--30);margin-left:0;padding-top:var(--wp--preset--spacing--30);padding-bottom:var(--wp--preset--spacing--30);line-height:1\">Gesti\u00f3n Ambiental, Cultura y Deporte, Operaciones Comunitarias, <\/p>\n\n\n\n<p>El <strong>Equipo de Felicidad<\/strong> tiene como misi\u00f3n principal la organizaci\u00f3n y cohesi\u00f3n de la comunidad, promoviendo la interacci\u00f3n social y el bienestar colectivo. Este equipo ser\u00e1 esencial para fomentar un sentido de pertenencia y solidaridad entre los habitantes de San Miguelito.&nbsp;<\/p>\n\n\n\n<p style=\"margin-top:0;margin-bottom:0\"><strong>Programas de transformaci\u00f3n para 2025:<\/strong>&nbsp;<\/p>\n\n\n\n<ul class=\"wp-block-list\">\n<li><strong>Organizaci\u00f3n de eventos y actividades comunitarias<\/strong>, que fomenten el sentido de unidad y pertenencia entre los vecinos.&nbsp;<\/li>\n\n\n\n<li><strong>Programas de bienestar y cohesi\u00f3n social<\/strong>, promoviendo la participaci\u00f3n activa de la comunidad en proyectos que mejoren la calidad de vida y el entorno social de San Miguelito.&nbsp;<\/li>\n<\/ul>\n<\/div>\n<\/div>\n\n\n\n<h5 class=\"wp-block-heading has-text-color has-link-color wp-elements-06f768fd4081e631079af2f3d080bf21\" style=\"color:#002f6c\"><strong>Una Alcald\u00eda M\u00e1s Cercana y Eficiente para 2025<\/strong>&nbsp;<\/h5>\n\n\n\n<p style=\"margin-top:0;margin-bottom:0\">Con esta nueva estructura administrativa, la Alcald\u00eda de San Miguelito busca dar un paso decisivo hacia una gesti\u00f3n m\u00e1s eficiente, transparente y orientada al bienestar de sus ciudadanos. Los seis Equipos propuestos trabajar\u00e1n de manera conjunta y especializada para asegurar que cada \u00e1rea reciba la atenci\u00f3n necesaria, impulsando un municipio m\u00e1s organizado, inclusivo y pr\u00f3spero.&nbsp;<br>A trav\u00e9s de estos equipos, la Alcald\u00eda no solo se compromete a resolver los desaf\u00edos actuales, sino a transformar San Miguelito en un lugar m\u00e1s ordenado, seguro y feliz para todos sus habitantes.&nbsp;<\/p>\n\n\n\n<div class=\"wp-block-columns is-layout-flex wp-container-core-columns-is-layout-28f84493 wp-block-columns-is-layout-flex\">\n<div class=\"wp-block-column is-layout-flow wp-block-column-is-layout-flow\" style=\"padding-top:var(--wp--preset--spacing--50);padding-bottom:var(--wp--preset--spacing--50)\"><\/div>\n<\/div>\n\n\n\n<p><\/p>\n","protected":false},"excerpt":{"rendered":"<p>La Nueva Estructura Administrativa de la Alcald\u00eda de San Miguelito: Un Compromiso con la Transformaci\u00f3n y el Bienestar Com\u00fan&nbsp; En un esfuerzo por mejorar la eficiencia, transparencia y calidad de los servicios que ofrece la Alcald\u00eda de San Miguelito, se ha formalizado la creaci\u00f3n de seis nuevos Equipos especializados, cada uno con un enfoque \u00fanico [&hellip;]<\/p>\n","protected":false},"author":1,"featured_media":0,"parent":0,"menu_order":0,"comment_status":"closed","ping_status":"closed","template":"","meta":{"inline_featured_image":false,"footnotes":"[]"},"class_list":["post-582","page","type-page","status-publish","hentry"],"blocksy_meta":[],"_links":{"self":[{"href":"https:\/\/alcaldiasanmiguelito.gob.pa\/index.php?rest_route=\/wp\/v2\/pages\/582","targetHints":{"allow":["GET"]}}],"collection":[{"href":"https:\/\/alcaldiasanmiguelito.gob.pa\/index.php?rest_route=\/wp\/v2\/pages"}],"about":[{"href":"https:\/\/alcaldiasanmiguelito.gob.pa\/index.php?rest_route=\/wp\/v2\/types\/page"}],"author":[{"embeddable":true,"href":"https:\/\/alcaldiasanmiguelito.gob.pa\/index.php?rest_route=\/wp\/v2\/users\/1"}],"replies":[{"embeddable":true,"href":"https:\/\/alcaldiasanmiguelito.gob.pa\/index.php?rest_route=%2Fwp%2Fv2%2Fcomments&post=582"}],"version-history":[{"count":38,"href":"https:\/\/alcaldiasanmiguelito.gob.pa\/index.php?rest_route=\/wp\/v2\/pages\/582\/revisions"}],"predecessor-version":[{"id":1360,"href":"https:\/\/alcaldiasanmiguelito.gob.pa\/index.php?rest_route=\/wp\/v2\/pages\/582\/revisions\/1360"}],"wp:attachment":[{"href":"https:\/\/alcaldiasanmiguelito.gob.pa\/index.php?rest_route=%2Fwp%2Fv2%2Fmedia&parent=582"}],"curies":[{"name":"wp","href":"https:\/\/api.w.org\/{rel}","templated":true}]}}